{"id":364,"date":"2025-07-02T11:33:10","date_gmt":"2025-07-02T11:33:10","guid":{"rendered":"https:\/\/aha-musik.de\/?page_id=364"},"modified":"2025-07-30T08:05:38","modified_gmt":"2025-07-30T08:05:38","slug":"noten","status":"publish","type":"page","link":"https:\/\/aha-musik.de\/index.php\/profil\/noten\/","title":{"rendered":"Noten"},"content":{"rendered":"\n<p>Hier stelle ich Noten zu Liedern und St\u00fccken aus meiner Feder zur Verf\u00fcgung.<\/p>\n\n\n\n<p>Soweit in den Dateien nicht anders angegeben, unterliegen alle Werke einer Creative Commons Lizenz (Stand: 1.7.2025): CC-BY-SA-NC<\/p>\n\n\n\n<p>Eine Einschr\u00e4nkung gibt es jedoch. Mir ist es wichtig, dass Menschen Spa\u00df an meiner Musik und meinen Texten haben und diese ohne gr\u00f6\u00dfere Hindernisse nutzen k\u00f6nnen. Aber <strong>ich untersage ausdr\u00fccklich und sehr bestimmt jegliche Nutzung zum Training von wie auch immer gearteter KI\/AI\/K\u00fcnstlicher &#8222;Intelligenz&#8220;\/LLM und \u00e4hnlichen Tools. <\/strong><\/p>\n\n\n\n<p>Here you can find sheet music of my songs and other pieces. If not specified differently in the respective files, all works are published as Creative Commons (per 1.7.2025): CC-BY-SA-NC<\/p>\n\n\n\n<p>However, there is one limitation. I want people (human beings!) to enjoy my music and my texts and to use them without major obstacles. <strong>But I assertively and firmly forbid any usage for all kinds of training of AI\/artificial &#8222;intelligence&#8220;\/LLM and similar tools whatsoever. <\/strong><\/p>\n\n\n\n<p><a href=\"https:\/\/aha-musik.de\/wp-content\/uploads\/2025\/07\/Ein-Finger-Lied.pdf\" data-type=\"attachment\" data-id=\"366\">Ein-Finger-Lied<\/a><\/p>\n\n\n\n<p><a href=\"https:\/\/aha-musik.de\/wp-content\/uploads\/2025\/07\/Das-2-Minuten-Protestlied.pdf\" data-type=\"attachment\" data-id=\"367\">Das 2-Minuten-Protestlied<\/a><\/p>\n","protected":false},"excerpt":{"rendered":"<p>Hier stelle ich Noten zu Liedern und St\u00fccken aus meiner Feder zur Verf\u00fcgung. Soweit in den Dateien nicht anders angegeben, unterliegen alle Werke einer Creative Commons Lizenz (Stand: 1.7.2025): CC-BY-SA-NC Eine Einschr\u00e4nkung gibt es jedoch. Mir ist es wichtig, dass Menschen Spa\u00df an meiner Musik und meinen Texten haben und diese ohne gr\u00f6\u00dfere Hindernisse nutzen [&hellip;]<\/p>\n","protected":false},"author":1,"featured_media":0,"parent":2,"menu_order":1,"comment_status":"closed","ping_status":"closed","template":"","meta":{"footnotes":""},"class_list":["post-364","page","type-page","status-publish","hentry"],"_links":{"self":[{"href":"https:\/\/aha-musik.de\/index.php\/wp-json\/wp\/v2\/pages\/364","targetHints":{"allow":["GET"]}}],"collection":[{"href":"https:\/\/aha-musik.de\/index.php\/wp-json\/wp\/v2\/pages"}],"about":[{"href":"https:\/\/aha-musik.de\/index.php\/wp-json\/wp\/v2\/types\/page"}],"author":[{"embeddable":true,"href":"https:\/\/aha-musik.de\/index.php\/wp-json\/wp\/v2\/users\/1"}],"replies":[{"embeddable":true,"href":"https:\/\/aha-musik.de\/index.php\/wp-json\/wp\/v2\/comments?post=364"}],"version-history":[{"count":6,"href":"https:\/\/aha-musik.de\/index.php\/wp-json\/wp\/v2\/pages\/364\/revisions"}],"predecessor-version":[{"id":393,"href":"https:\/\/aha-musik.de\/index.php\/wp-json\/wp\/v2\/pages\/364\/revisions\/393"}],"up":[{"embeddable":true,"href":"https:\/\/aha-musik.de\/index.php\/wp-json\/wp\/v2\/pages\/2"}],"wp:attachment":[{"href":"https:\/\/aha-musik.de\/index.php\/wp-json\/wp\/v2\/media?parent=364"}],"curies":[{"name":"wp","href":"https:\/\/api.w.org\/{rel}","templated":true}]}}