{"id":568,"date":"2026-03-12T08:55:45","date_gmt":"2026-03-12T08:55:45","guid":{"rendered":"https:\/\/aha-musik.de\/?page_id=568"},"modified":"2026-03-12T08:55:45","modified_gmt":"2026-03-12T08:55:45","slug":"handtaschenkonzerte","status":"publish","type":"page","link":"https:\/\/aha-musik.de\/index.php\/profil\/unterricht-konzerte-mehr\/handtaschenkonzerte\/","title":{"rendered":"Handtaschenkonzerte"},"content":{"rendered":"\n<p>Das ist ein Konzertformat ohne Orgel oder Klavier &#8211; sonst m\u00fcsste die Handtasche wirklich sehr gro\u00df sein. Es eignet sich f\u00fcr nahezu alle R\u00e4ume, je kleiner, desto besser. Auch als Konzert unter freiem Himmel ist es denkbar.<\/p>\n\n\n\n<p>Das Handtaschenkonzert gibt es derzeit (Stand M\u00e4rz 2026) in zwei Varianten: mit der kleinen Handtasche und mit der gro\u00dfen Handtasche. <\/p>\n\n\n\n<p>Ich bringe Blockfl\u00f6ten, 3D-gedruckte Fl\u00f6ten und je nach Lust und Laune und Programm ein Kazoo oder musikalische L\u00f6ffel mit und spiele\/singe Lieder und St\u00fccke aus aller Welt und aus dem 13. bis ins 21. Jahrhundert. Die Zielgruppe ist so vielf\u00e4ltig wie die Musik: jung, alt, klein, gro\u00df, alle d\u00fcrfen dabei sein. Mitmachelemente k\u00f6nnen auf Wunsch eingebaut werden. Und in einer separaten Tasche kann auch eine Ukulele mitkommen.<\/p>\n","protected":false},"excerpt":{"rendered":"<p>Das ist ein Konzertformat ohne Orgel oder Klavier &#8211; sonst m\u00fcsste die Handtasche wirklich sehr gro\u00df sein. Es eignet sich f\u00fcr nahezu alle R\u00e4ume, je kleiner, desto besser. Auch als Konzert unter freiem Himmel ist es denkbar. Das Handtaschenkonzert gibt es derzeit (Stand M\u00e4rz 2026) in zwei Varianten: mit der kleinen Handtasche und mit der [&hellip;]<\/p>\n","protected":false},"author":1,"featured_media":0,"parent":95,"menu_order":0,"comment_status":"closed","ping_status":"closed","template":"","meta":{"footnotes":""},"class_list":["post-568","page","type-page","status-publish","hentry"],"_links":{"self":[{"href":"https:\/\/aha-musik.de\/index.php\/wp-json\/wp\/v2\/pages\/568","targetHints":{"allow":["GET"]}}],"collection":[{"href":"https:\/\/aha-musik.de\/index.php\/wp-json\/wp\/v2\/pages"}],"about":[{"href":"https:\/\/aha-musik.de\/index.php\/wp-json\/wp\/v2\/types\/page"}],"author":[{"embeddable":true,"href":"https:\/\/aha-musik.de\/index.php\/wp-json\/wp\/v2\/users\/1"}],"replies":[{"embeddable":true,"href":"https:\/\/aha-musik.de\/index.php\/wp-json\/wp\/v2\/comments?post=568"}],"version-history":[{"count":1,"href":"https:\/\/aha-musik.de\/index.php\/wp-json\/wp\/v2\/pages\/568\/revisions"}],"predecessor-version":[{"id":569,"href":"https:\/\/aha-musik.de\/index.php\/wp-json\/wp\/v2\/pages\/568\/revisions\/569"}],"up":[{"embeddable":true,"href":"https:\/\/aha-musik.de\/index.php\/wp-json\/wp\/v2\/pages\/95"}],"wp:attachment":[{"href":"https:\/\/aha-musik.de\/index.php\/wp-json\/wp\/v2\/media?parent=568"}],"curies":[{"name":"wp","href":"https:\/\/api.w.org\/{rel}","templated":true}]}}